{"id":7334,"date":"2024-06-10T04:45:09","date_gmt":"2024-06-10T04:45:09","guid":{"rendered":"http:\/\/globaloliveoilstars.com\/liooc2024\/product\/aove-premium-queo\/"},"modified":"2024-06-10T04:45:42","modified_gmt":"2024-06-10T04:45:42","slug":"aove-premium-queo","status":"publish","type":"product","link":"https:\/\/globaloliveoilstars.com\/liooc2024\/product\/aove-premium-queo\/","title":{"rendered":"Aove Premium Queo"},"content":{"rendered":"<p>Company: Aceites Queo Porcuna Sociedad Limitada<\/p>\n<p>Somos la familia Barrionuevo Torres, concretamente tres hermanos: Alberto, Luis y Miguel \u00c1ngel. Cuarta generaci\u00f3n de olivareros y, desde el a\u00f1o 2021, la primera en comercializar nuestros propios productos. Empresa joven pero din\u00e1mica y, vinculada al mundo del aceite de oliva desde antes de 1930, cuando nuestro abuelo materno, D. Luis Torres Morente inaugur\u00f3 un peque\u00f1o molino de aceite en Porcuna, Ja\u00e9n. Nuestra estrategia de campo radica en ser un modelo productivo en zonas rurales, sostenible, que crea riqueza y que ayuda a la fijaci\u00f3n de poblaci\u00f3n en nuestro pueblo. El nombre de nuestra empresa proviene de una palabra peculiar que usan los habitantes de nuestro pueblo. \u201c Queo \u201d significa parsimonia y tranquilidad. As\u00ed son nuestros olivares, un remanso de paz en la campi\u00f1a jienense capaz de producir las mejores aceitunas para crear el mejor producto de nuestra tierra: el AOVE.<\/p>\n","protected":false},"excerpt":{"rendered":"<p>Somos la familia Barrionuevo Torres, concretamente tres hermanos: Alberto, Luis y Miguel \u00c1ngel. Cuarta generaci\u00f3n de olivareros y, desde el a\u00f1o 2021, la primera en comercializar nuestros propios productos. Empresa joven pero din\u00e1mica y, vinculada al mundo del aceite de oliva desde antes de 1930, cuando nuestro abuelo materno, D. Luis Torres Morente inaugur\u00f3 un peque\u00f1o molino de aceite en Porcuna, Ja\u00e9n. Nuestra estrategia de campo radica en ser un modelo productivo en zonas rurales, sostenible, que crea riqueza y que ayuda a la fijaci\u00f3n de poblaci\u00f3n en nuestro pueblo. El nombre de nuestra empresa proviene de una palabra peculiar que usan los habitantes de nuestro pueblo. \u201c Queo \u201d significa parsimonia y tranquilidad. As\u00ed son nuestros olivares, un remanso de paz en la campi\u00f1a jienense capaz de producir las mejores aceitunas para crear el mejor producto de nuestra tierra: el AOVE.<\/p>\n","protected":false},"featured_media":7336,"template":"","meta":{"_acf_changed":false,"_seopress_robots_primary_cat":"","_seopress_titles_title":"","_seopress_titles_desc":"","_seopress_robots_index":""},"product_brand":[],"product_cat":[437],"product_tag":[729],"class_list":{"0":"post-7334","1":"product","2":"type-product","3":"status-publish","4":"has-post-thumbnail","6":"product_cat-quality","7":"product_tag-spain","8":"pa_award-gold","9":"pa_competitioncategory-quality","10":"pa_country-spain","11":"pa_monovarietalorblend-monovarietal","12":"pa_variety-picual","14":"first","15":"instock","16":"product-type-simple"},"acf":[],"_links":{"self":[{"href":"https:\/\/globaloliveoilstars.com\/liooc2024\/wp-json\/wp\/v2\/product\/7334","targetHints":{"allow":["GET"]}}],"collection":[{"href":"https:\/\/globaloliveoilstars.com\/liooc2024\/wp-json\/wp\/v2\/product"}],"about":[{"href":"https:\/\/globaloliveoilstars.com\/liooc2024\/wp-json\/wp\/v2\/types\/product"}],"version-history":[{"count":0,"href":"https:\/\/globaloliveoilstars.com\/liooc2024\/wp-json\/wp\/v2\/product\/7334\/revisions"}],"wp:featuredmedia":[{"embeddable":true,"href":"https:\/\/globaloliveoilstars.com\/liooc2024\/wp-json\/wp\/v2\/media\/7336"}],"wp:attachment":[{"href":"https:\/\/globaloliveoilstars.com\/liooc2024\/wp-json\/wp\/v2\/media?parent=7334"}],"wp:term":[{"taxonomy":"product_brand","embeddable":true,"href":"https:\/\/globaloliveoilstars.com\/liooc2024\/wp-json\/wp\/v2\/product_brand?post=7334"},{"taxonomy":"product_cat","embeddable":true,"href":"https:\/\/globaloliveoilstars.com\/liooc2024\/wp-json\/wp\/v2\/product_cat?post=7334"},{"taxonomy":"product_tag","embeddable":true,"href":"https:\/\/globaloliveoilstars.com\/liooc2024\/wp-json\/wp\/v2\/product_tag?post=7334"}],"curies":[{"name":"wp","href":"https:\/\/api.w.org\/{rel}","templated":true}]}}