{"id":7668,"date":"2024-06-10T04:50:35","date_gmt":"2024-06-10T04:50:35","guid":{"rendered":"http:\/\/globaloliveoilstars.com\/liooc2024\/product\/dalagoz-bahce-memecik\/"},"modified":"2024-06-10T04:50:52","modified_gmt":"2024-06-10T04:50:52","slug":"dalagoz-bahce-memecik","status":"publish","type":"product","link":"https:\/\/globaloliveoilstars.com\/liooc2024\/product\/dalagoz-bahce-memecik\/","title":{"rendered":"Dalag\u00f6z Bah\u00e7e Memecik"},"content":{"rendered":"<p>Company: Dalag\u00f6z Bah\u00e7e<\/p>\n<p>Renowned for excellence, Dalag\u00f6z Bah\u00e7e produces extra virgin olive oil with a commitment to health and taste.<\/p>\n","protected":false},"excerpt":{"rendered":"<p>Renowned for excellence, Dalag\u00f6z Bah\u00e7e produces extra virgin olive oil with a commitment to health and taste.<\/p>\n","protected":false},"featured_media":7670,"template":"","meta":{"_acf_changed":false,"_seopress_robots_primary_cat":"","_seopress_titles_title":"","_seopress_titles_desc":"","_seopress_robots_index":""},"product_brand":[],"product_cat":[437],"product_tag":[718],"class_list":{"0":"post-7668","1":"product","2":"type-product","3":"status-publish","4":"has-post-thumbnail","6":"product_cat-quality","7":"product_tag-turkey","8":"pa_award-gold","9":"pa_competitioncategory-quality","10":"pa_country-turkey","11":"pa_monovarietalorblend-monovarietal","12":"pa_variety-memecik","14":"first","15":"instock","16":"product-type-simple"},"acf":[],"_links":{"self":[{"href":"https:\/\/globaloliveoilstars.com\/liooc2024\/wp-json\/wp\/v2\/product\/7668","targetHints":{"allow":["GET"]}}],"collection":[{"href":"https:\/\/globaloliveoilstars.com\/liooc2024\/wp-json\/wp\/v2\/product"}],"about":[{"href":"https:\/\/globaloliveoilstars.com\/liooc2024\/wp-json\/wp\/v2\/types\/product"}],"version-history":[{"count":0,"href":"https:\/\/globaloliveoilstars.com\/liooc2024\/wp-json\/wp\/v2\/product\/7668\/revisions"}],"wp:featuredmedia":[{"embeddable":true,"href":"https:\/\/globaloliveoilstars.com\/liooc2024\/wp-json\/wp\/v2\/media\/7670"}],"wp:attachment":[{"href":"https:\/\/globaloliveoilstars.com\/liooc2024\/wp-json\/wp\/v2\/media?parent=7668"}],"wp:term":[{"taxonomy":"product_brand","embeddable":true,"href":"https:\/\/globaloliveoilstars.com\/liooc2024\/wp-json\/wp\/v2\/product_brand?post=7668"},{"taxonomy":"product_cat","embeddable":true,"href":"https:\/\/globaloliveoilstars.com\/liooc2024\/wp-json\/wp\/v2\/product_cat?post=7668"},{"taxonomy":"product_tag","embeddable":true,"href":"https:\/\/globaloliveoilstars.com\/liooc2024\/wp-json\/wp\/v2\/product_tag?post=7668"}],"curies":[{"name":"wp","href":"https:\/\/api.w.org\/{rel}","templated":true}]}}