{"id":7930,"date":"2024-06-10T04:54:52","date_gmt":"2024-06-10T04:54:52","guid":{"rendered":"http:\/\/globaloliveoilstars.com\/liooc2024\/product\/nermin-hanim-edremit\/"},"modified":"2024-06-10T04:55:27","modified_gmt":"2024-06-10T04:55:27","slug":"nermin-hanim-edremit","status":"publish","type":"product","link":"https:\/\/globaloliveoilstars.com\/liooc2024\/product\/nermin-hanim-edremit\/","title":{"rendered":"Nermin Han\u0131m Edremit"},"content":{"rendered":"<p>Company: G\u00f6kduman Tar\u0131m<\/p>\n<p>We produce from 50 thousand olive trees located at the foothills of Kazda\u011f\u0131\u00a0in the Edremit Gulf Region\u00a0(Edremit, Ayval\u0131k, G\u00f6me\u00e7, Havran) .\u00a0We care for our olives by respecting and protecting nature. Our olives do not contain pesticides. Our olives are brought to eating maturity by natural fermentation method. No chemicals or additives are used to speed up the process.<\/p>\n","protected":false},"excerpt":{"rendered":"<p>We produce from 50 thousand olive trees located at the foothills of Kazda\u011f\u0131\u00a0in the Edremit Gulf Region\u00a0(Edremit, Ayval\u0131k, G\u00f6me\u00e7, Havran) .\u00a0We care for our olives by respecting and protecting nature. Our olives do not contain pesticides. Our olives are brought to eating maturity by natural fermentation method. No chemicals or additives are used to speed up the process.<\/p>\n","protected":false},"featured_media":7932,"template":"","meta":{"_acf_changed":false,"_seopress_robots_primary_cat":"","_seopress_titles_title":"","_seopress_titles_desc":"","_seopress_robots_index":""},"product_brand":[],"product_cat":[437],"product_tag":[718],"class_list":{"0":"post-7930","1":"product","2":"type-product","3":"status-publish","4":"has-post-thumbnail","6":"product_cat-quality","7":"product_tag-turkey","8":"pa_award-silver","9":"pa_competitioncategory-quality","10":"pa_country-turkey","11":"pa_monovarietalorblend-monovarietal","12":"pa_variety-edremit","14":"first","15":"instock","16":"product-type-simple"},"acf":[],"_links":{"self":[{"href":"https:\/\/globaloliveoilstars.com\/liooc2024\/wp-json\/wp\/v2\/product\/7930","targetHints":{"allow":["GET"]}}],"collection":[{"href":"https:\/\/globaloliveoilstars.com\/liooc2024\/wp-json\/wp\/v2\/product"}],"about":[{"href":"https:\/\/globaloliveoilstars.com\/liooc2024\/wp-json\/wp\/v2\/types\/product"}],"version-history":[{"count":0,"href":"https:\/\/globaloliveoilstars.com\/liooc2024\/wp-json\/wp\/v2\/product\/7930\/revisions"}],"wp:featuredmedia":[{"embeddable":true,"href":"https:\/\/globaloliveoilstars.com\/liooc2024\/wp-json\/wp\/v2\/media\/7932"}],"wp:attachment":[{"href":"https:\/\/globaloliveoilstars.com\/liooc2024\/wp-json\/wp\/v2\/media?parent=7930"}],"wp:term":[{"taxonomy":"product_brand","embeddable":true,"href":"https:\/\/globaloliveoilstars.com\/liooc2024\/wp-json\/wp\/v2\/product_brand?post=7930"},{"taxonomy":"product_cat","embeddable":true,"href":"https:\/\/globaloliveoilstars.com\/liooc2024\/wp-json\/wp\/v2\/product_cat?post=7930"},{"taxonomy":"product_tag","embeddable":true,"href":"https:\/\/globaloliveoilstars.com\/liooc2024\/wp-json\/wp\/v2\/product_tag?post=7930"}],"curies":[{"name":"wp","href":"https:\/\/api.w.org\/{rel}","templated":true}]}}