{"id":8043,"date":"2024-06-10T04:56:34","date_gmt":"2024-06-10T04:56:34","guid":{"rendered":"http:\/\/globaloliveoilstars.com\/liooc2024\/product\/harvena\/"},"modified":"2024-06-10T04:57:05","modified_gmt":"2024-06-10T04:57:05","slug":"harvena","status":"publish","type":"product","link":"https:\/\/globaloliveoilstars.com\/liooc2024\/product\/harvena\/","title":{"rendered":"Harvena"},"content":{"rendered":"<p>Company: Ipm End\u00fcstriyel Madencilik A.\u015e. &#8211; Koruda\u011f Zeytin \u00c7iftli\u011fi<\/p>\n<p>Koruda\u011f Olive Farm is an agricultural center established in \u0130zmir province, \u00c7andarl\u0131 Bay-Zeytinda\u011f campus, operating in the field of olive cultivation and olive oil production.<\/p>\n","protected":false},"excerpt":{"rendered":"<p>Koruda\u011f Olive Farm is an agricultural center established in \u0130zmir province, \u00c7andarl\u0131 Bay-Zeytinda\u011f campus, operating in the field of olive cultivation and olive oil production.<\/p>\n","protected":false},"featured_media":8045,"template":"","meta":{"_acf_changed":false,"_seopress_robots_primary_cat":"","_seopress_titles_title":"","_seopress_titles_desc":"","_seopress_robots_index":""},"product_brand":[],"product_cat":[437],"product_tag":[718],"class_list":{"0":"post-8043","1":"product","2":"type-product","3":"status-publish","4":"has-post-thumbnail","6":"product_cat-quality","7":"product_tag-turkey","8":"pa_award-silver","9":"pa_competitioncategory-quality","10":"pa_country-turkey","11":"pa_monovarietalorblend-monovarietal","12":"pa_variety-gemlik","14":"first","15":"instock","16":"product-type-simple"},"acf":[],"_links":{"self":[{"href":"https:\/\/globaloliveoilstars.com\/liooc2024\/wp-json\/wp\/v2\/product\/8043","targetHints":{"allow":["GET"]}}],"collection":[{"href":"https:\/\/globaloliveoilstars.com\/liooc2024\/wp-json\/wp\/v2\/product"}],"about":[{"href":"https:\/\/globaloliveoilstars.com\/liooc2024\/wp-json\/wp\/v2\/types\/product"}],"version-history":[{"count":0,"href":"https:\/\/globaloliveoilstars.com\/liooc2024\/wp-json\/wp\/v2\/product\/8043\/revisions"}],"wp:featuredmedia":[{"embeddable":true,"href":"https:\/\/globaloliveoilstars.com\/liooc2024\/wp-json\/wp\/v2\/media\/8045"}],"wp:attachment":[{"href":"https:\/\/globaloliveoilstars.com\/liooc2024\/wp-json\/wp\/v2\/media?parent=8043"}],"wp:term":[{"taxonomy":"product_brand","embeddable":true,"href":"https:\/\/globaloliveoilstars.com\/liooc2024\/wp-json\/wp\/v2\/product_brand?post=8043"},{"taxonomy":"product_cat","embeddable":true,"href":"https:\/\/globaloliveoilstars.com\/liooc2024\/wp-json\/wp\/v2\/product_cat?post=8043"},{"taxonomy":"product_tag","embeddable":true,"href":"https:\/\/globaloliveoilstars.com\/liooc2024\/wp-json\/wp\/v2\/product_tag?post=8043"}],"curies":[{"name":"wp","href":"https:\/\/api.w.org\/{rel}","templated":true}]}}