{"id":8123,"date":"2024-06-10T04:57:26","date_gmt":"2024-06-10T04:57:26","guid":{"rendered":"http:\/\/globaloliveoilstars.com\/liooc2024\/product\/la-granienco\/"},"modified":"2024-06-10T04:58:24","modified_gmt":"2024-06-10T04:58:24","slug":"la-granienco","status":"publish","type":"product","link":"https:\/\/globaloliveoilstars.com\/liooc2024\/product\/la-granienco\/","title":{"rendered":"La Granienco"},"content":{"rendered":"<p>Company: La Granienco<\/p>\n<p>Apr\u00e8s avoir \u00e9t\u00e9 arboriculteur, je me suis reconverti dans l\u2019oleiculture,mon oliveraie est jeune et constitu\u00e9e de vari\u00e9t\u00e9s Toscanes et Fran\u00e7aises, pour une surface de 10 hectares, j\u2019entretiens mes oliviers toute l&#8217;ann\u00e9e, j\u2019effectue la r\u00e9colte, l\u2019extraction avec mon moulin, stocke,et met en bouteilles, toutes les op\u00e9rations sont r\u00e9alis\u00e9es sur l\u2019exploitation. J\u2019envoi un \u00e9chantillon pour voir si cette huile vierge extra artisanale go\u00fbt\u00e9e par un jury de connaisseurs m\u00e9rite une bonne appr\u00e9ciation. Je pr\u00e9cise que je r\u00e9colte les olives \u00e0 maturit\u00e9. Tr\u00e8s cordialement Martin Joel.<\/p>\n","protected":false},"excerpt":{"rendered":"<p>Apr\u00e8s avoir \u00e9t\u00e9 arboriculteur, je me suis reconverti dans l\u2019oleiculture,mon oliveraie est jeune et constitu\u00e9e de vari\u00e9t\u00e9s Toscanes et Fran\u00e7aises, pour une surface de 10 hectares, j\u2019entretiens mes oliviers toute l&#8217;ann\u00e9e, j\u2019effectue la r\u00e9colte, l\u2019extraction avec mon moulin, stocke,et met en bouteilles, toutes les op\u00e9rations sont r\u00e9alis\u00e9es sur l\u2019exploitation. J\u2019envoi un \u00e9chantillon pour voir si cette huile vierge extra artisanale go\u00fbt\u00e9e par un jury de connaisseurs m\u00e9rite une bonne appr\u00e9ciation. Je pr\u00e9cise que je r\u00e9colte les olives \u00e0 maturit\u00e9. Tr\u00e8s cordialement Martin Joel.<\/p>\n","protected":false},"featured_media":8125,"template":"","meta":{"_acf_changed":false,"_seopress_robots_primary_cat":"","_seopress_titles_title":"","_seopress_titles_desc":"","_seopress_robots_index":""},"product_brand":[],"product_cat":[437],"product_tag":[696],"class_list":{"0":"post-8123","1":"product","2":"type-product","3":"status-publish","4":"has-post-thumbnail","6":"product_cat-quality","7":"product_tag-france","8":"pa_award-gold","9":"pa_competitioncategory-quality","10":"pa_country-france","11":"pa_monovarietalorblend-blend","12":"pa_variety-frantoio-leccio-del-corno","14":"first","15":"instock","16":"product-type-simple"},"acf":[],"_links":{"self":[{"href":"https:\/\/globaloliveoilstars.com\/liooc2024\/wp-json\/wp\/v2\/product\/8123","targetHints":{"allow":["GET"]}}],"collection":[{"href":"https:\/\/globaloliveoilstars.com\/liooc2024\/wp-json\/wp\/v2\/product"}],"about":[{"href":"https:\/\/globaloliveoilstars.com\/liooc2024\/wp-json\/wp\/v2\/types\/product"}],"version-history":[{"count":0,"href":"https:\/\/globaloliveoilstars.com\/liooc2024\/wp-json\/wp\/v2\/product\/8123\/revisions"}],"wp:featuredmedia":[{"embeddable":true,"href":"https:\/\/globaloliveoilstars.com\/liooc2024\/wp-json\/wp\/v2\/media\/8125"}],"wp:attachment":[{"href":"https:\/\/globaloliveoilstars.com\/liooc2024\/wp-json\/wp\/v2\/media?parent=8123"}],"wp:term":[{"taxonomy":"product_brand","embeddable":true,"href":"https:\/\/globaloliveoilstars.com\/liooc2024\/wp-json\/wp\/v2\/product_brand?post=8123"},{"taxonomy":"product_cat","embeddable":true,"href":"https:\/\/globaloliveoilstars.com\/liooc2024\/wp-json\/wp\/v2\/product_cat?post=8123"},{"taxonomy":"product_tag","embeddable":true,"href":"https:\/\/globaloliveoilstars.com\/liooc2024\/wp-json\/wp\/v2\/product_tag?post=8123"}],"curies":[{"name":"wp","href":"https:\/\/api.w.org\/{rel}","templated":true}]}}