{"id":8359,"date":"2024-06-10T05:01:06","date_gmt":"2024-06-10T05:01:06","guid":{"rendered":"http:\/\/globaloliveoilstars.com\/liooc2024\/product\/orfeu-blend-da-safra-2024\/"},"modified":"2024-06-10T05:01:58","modified_gmt":"2024-06-10T05:01:58","slug":"orfeu-blend-da-safra-2024","status":"publish","type":"product","link":"https:\/\/globaloliveoilstars.com\/liooc2024\/product\/orfeu-blend-da-safra-2024\/","title":{"rendered":"Orfeu Blend Da Safra 2024"},"content":{"rendered":"<p>Company: Orfeu Azeites Especiais<\/p>\n<p>Cultivados nas terras vulcanicas a mais de 1300 metros de altitude na Fazenda Rainha, localizada em S\u00e3o Sebasti\u00e3o da Grama\/Po\u00e7os de caldas, extra\u00e7\u00e3o a frio, realizada na propria fazenda, em menos de duas horas ap\u00f3s a colheita.<\/p>\n","protected":false},"excerpt":{"rendered":"<p>Cultivados nas terras vulcanicas a mais de 1300 metros de altitude na Fazenda Rainha, localizada em S\u00e3o Sebasti\u00e3o da Grama\/Po\u00e7os de caldas, extra\u00e7\u00e3o a frio, realizada na propria fazenda, em menos de duas horas ap\u00f3s a colheita.<\/p>\n","protected":false},"featured_media":8361,"template":"","meta":{"_acf_changed":false,"_seopress_robots_primary_cat":"","_seopress_titles_title":"","_seopress_titles_desc":"","_seopress_robots_index":""},"product_brand":[],"product_cat":[437],"product_tag":[715],"class_list":{"0":"post-8359","1":"product","2":"type-product","3":"status-publish","4":"has-post-thumbnail","6":"product_cat-quality","7":"product_tag-brazil","8":"pa_award-silver","9":"pa_competitioncategory-quality","10":"pa_country-brazil","11":"pa_monovarietalorblend-blend","12":"pa_variety-picual-grapollo-frantoio-coratina","14":"first","15":"instock","16":"product-type-simple"},"acf":[],"_links":{"self":[{"href":"https:\/\/globaloliveoilstars.com\/liooc2024\/wp-json\/wp\/v2\/product\/8359","targetHints":{"allow":["GET"]}}],"collection":[{"href":"https:\/\/globaloliveoilstars.com\/liooc2024\/wp-json\/wp\/v2\/product"}],"about":[{"href":"https:\/\/globaloliveoilstars.com\/liooc2024\/wp-json\/wp\/v2\/types\/product"}],"version-history":[{"count":0,"href":"https:\/\/globaloliveoilstars.com\/liooc2024\/wp-json\/wp\/v2\/product\/8359\/revisions"}],"wp:featuredmedia":[{"embeddable":true,"href":"https:\/\/globaloliveoilstars.com\/liooc2024\/wp-json\/wp\/v2\/media\/8361"}],"wp:attachment":[{"href":"https:\/\/globaloliveoilstars.com\/liooc2024\/wp-json\/wp\/v2\/media?parent=8359"}],"wp:term":[{"taxonomy":"product_brand","embeddable":true,"href":"https:\/\/globaloliveoilstars.com\/liooc2024\/wp-json\/wp\/v2\/product_brand?post=8359"},{"taxonomy":"product_cat","embeddable":true,"href":"https:\/\/globaloliveoilstars.com\/liooc2024\/wp-json\/wp\/v2\/product_cat?post=8359"},{"taxonomy":"product_tag","embeddable":true,"href":"https:\/\/globaloliveoilstars.com\/liooc2024\/wp-json\/wp\/v2\/product_tag?post=8359"}],"curies":[{"name":"wp","href":"https:\/\/api.w.org\/{rel}","templated":true}]}}