{"id":8588,"date":"2024-06-10T05:04:36","date_gmt":"2024-06-10T05:04:36","guid":{"rendered":"http:\/\/globaloliveoilstars.com\/liooc2024\/product\/aljazira\/"},"modified":"2024-06-10T05:05:22","modified_gmt":"2024-06-10T05:05:22","slug":"aljazira","status":"publish","type":"product","link":"https:\/\/globaloliveoilstars.com\/liooc2024\/product\/aljazira\/","title":{"rendered":"Aljazira"},"content":{"rendered":"<p>Company: Stca Aljazira<\/p>\n<p>l&#8217;histoire de l\u2019huile d\u2019olive se confond avec celle de la Tunisie. De nombreuses civilisations m\u00e9diterran\u00e9ennes se relay\u00e8rent \u00e0 travers l\u2019histoire pour propager la culture de l\u2019olivier : ph\u00e9nicienne, carthaginoises et arabes\u2026 L\u2019huile d\u2019olive tunisienne est fameuse pour son parfum unique, son gout inimitable, sa belle robe dor\u00e9e et un savoir-faire ancestral. Pr\u00e9curseur et visionnaire, la famille Ben Achour sait d\u00e9j\u00e0 depuis 1925 ce que la presse clame aujourd\u2019hui. Depuis des ann\u00e9es que la famille produisait de l\u2019huile d\u2019olive jusqu\u2019\u00e0 devenir une r\u00e9ussite exemplaire et un leader du march\u00e9 local nomm\u00e9e AL JAZIRA. Bien que l\u2019usine est moderne et \u00e0 la pointe de la technologie AL JAZIRA a pr\u00e9serv\u00e9 les techniques et traditions qui caract\u00e9risent ses activit\u00e9s depuis plusieurs ann\u00e9es.<\/p>\n","protected":false},"excerpt":{"rendered":"<p>l&#8217;histoire de l\u2019huile d\u2019olive se confond avec celle de la Tunisie. De nombreuses civilisations m\u00e9diterran\u00e9ennes se relay\u00e8rent \u00e0 travers l\u2019histoire pour propager la culture de l\u2019olivier : ph\u00e9nicienne, carthaginoises et arabes\u2026 L\u2019huile d\u2019olive tunisienne est fameuse pour son parfum unique, son gout inimitable, sa belle robe dor\u00e9e et un savoir-faire ancestral. Pr\u00e9curseur et visionnaire, la famille Ben Achour sait d\u00e9j\u00e0 depuis 1925 ce que la presse clame aujourd\u2019hui. Depuis des ann\u00e9es que la famille produisait de l\u2019huile d\u2019olive jusqu\u2019\u00e0 devenir une r\u00e9ussite exemplaire et un leader du march\u00e9 local nomm\u00e9e AL JAZIRA. Bien que l\u2019usine est moderne et \u00e0 la pointe de la technologie AL JAZIRA a pr\u00e9serv\u00e9 les techniques et traditions qui caract\u00e9risent ses activit\u00e9s depuis plusieurs ann\u00e9es.<\/p>\n","protected":false},"featured_media":8590,"template":"","meta":{"_acf_changed":false,"_seopress_robots_primary_cat":"","_seopress_titles_title":"","_seopress_titles_desc":"","_seopress_robots_index":""},"product_brand":[],"product_cat":[437],"product_tag":[754],"class_list":{"0":"post-8588","1":"product","2":"type-product","3":"status-publish","4":"has-post-thumbnail","6":"product_cat-quality","7":"product_tag-tunisia","8":"pa_award-silver","9":"pa_competitioncategory-quality","10":"pa_country-tunisia","11":"pa_monovarietalorblend-blend","12":"pa_variety-blend","14":"first","15":"instock","16":"product-type-simple"},"acf":[],"_links":{"self":[{"href":"https:\/\/globaloliveoilstars.com\/liooc2024\/wp-json\/wp\/v2\/product\/8588","targetHints":{"allow":["GET"]}}],"collection":[{"href":"https:\/\/globaloliveoilstars.com\/liooc2024\/wp-json\/wp\/v2\/product"}],"about":[{"href":"https:\/\/globaloliveoilstars.com\/liooc2024\/wp-json\/wp\/v2\/types\/product"}],"version-history":[{"count":0,"href":"https:\/\/globaloliveoilstars.com\/liooc2024\/wp-json\/wp\/v2\/product\/8588\/revisions"}],"wp:featuredmedia":[{"embeddable":true,"href":"https:\/\/globaloliveoilstars.com\/liooc2024\/wp-json\/wp\/v2\/media\/8590"}],"wp:attachment":[{"href":"https:\/\/globaloliveoilstars.com\/liooc2024\/wp-json\/wp\/v2\/media?parent=8588"}],"wp:term":[{"taxonomy":"product_brand","embeddable":true,"href":"https:\/\/globaloliveoilstars.com\/liooc2024\/wp-json\/wp\/v2\/product_brand?post=8588"},{"taxonomy":"product_cat","embeddable":true,"href":"https:\/\/globaloliveoilstars.com\/liooc2024\/wp-json\/wp\/v2\/product_cat?post=8588"},{"taxonomy":"product_tag","embeddable":true,"href":"https:\/\/globaloliveoilstars.com\/liooc2024\/wp-json\/wp\/v2\/product_tag?post=8588"}],"curies":[{"name":"wp","href":"https:\/\/api.w.org\/{rel}","templated":true}]}}