{"id":8858,"date":"2024-06-10T06:44:00","date_gmt":"2024-06-10T06:44:00","guid":{"rendered":"http:\/\/globaloliveoilstars.com\/liooc2024\/?post_type=product&#038;p=8858"},"modified":"2024-06-20T07:37:17","modified_gmt":"2024-06-20T07:37:17","slug":"bella-mordane-ayvalik","status":"publish","type":"product","link":"https:\/\/globaloliveoilstars.com\/liooc2024\/product\/bella-mordane-ayvalik\/","title":{"rendered":"Bella Mordane Ayvalik"},"content":{"rendered":"<p>Since the first day we set out under the name Bella Mordane, we have appreciated the value of the soil, trees, and olive fruit and have strived to do justice to these gifts of nature. We started gardening in the garden we established in Manisa, K\u00f6pr\u00fcba\u015f\u0131, on the precious lands of Anatolia. We established our organization to produce olive oil with low acidity, intense flavor, and always at a high standard.<\/p>\n<p><span style=\"color: #ffffff;\">Company: Bella Serra Tarim Gida Ltd<\/span><\/p>\n","protected":false},"excerpt":{"rendered":"<p>Sincerely caring for our land, passing on a traditional savoir-faire, focusing on hard work, sharing. All these values, passed down by my father, have naturally inspired us to carry on with what he had undertaken, carefully extracting this precious nectar from our artisanal olive tree plantation.<\/p>\n","protected":false},"featured_media":9008,"template":"","meta":{"_acf_changed":false,"_seopress_robots_primary_cat":"none","_seopress_titles_title":"","_seopress_titles_desc":"","_seopress_robots_index":""},"product_brand":[],"product_cat":[437],"product_tag":[718],"class_list":{"0":"post-8858","1":"product","2":"type-product","3":"status-publish","4":"has-post-thumbnail","6":"product_cat-quality","7":"product_tag-turkey","8":"pa_award-gold","9":"pa_competitioncategory-quality","10":"pa_country-turkey","11":"pa_monovarietalorblend-monovarietal","12":"pa_variety-ayvalik-monovarietal","14":"first","15":"instock","16":"product-type-simple"},"acf":[],"_links":{"self":[{"href":"https:\/\/globaloliveoilstars.com\/liooc2024\/wp-json\/wp\/v2\/product\/8858","targetHints":{"allow":["GET"]}}],"collection":[{"href":"https:\/\/globaloliveoilstars.com\/liooc2024\/wp-json\/wp\/v2\/product"}],"about":[{"href":"https:\/\/globaloliveoilstars.com\/liooc2024\/wp-json\/wp\/v2\/types\/product"}],"version-history":[{"count":0,"href":"https:\/\/globaloliveoilstars.com\/liooc2024\/wp-json\/wp\/v2\/product\/8858\/revisions"}],"wp:featuredmedia":[{"embeddable":true,"href":"https:\/\/globaloliveoilstars.com\/liooc2024\/wp-json\/wp\/v2\/media\/9008"}],"wp:attachment":[{"href":"https:\/\/globaloliveoilstars.com\/liooc2024\/wp-json\/wp\/v2\/media?parent=8858"}],"wp:term":[{"taxonomy":"product_brand","embeddable":true,"href":"https:\/\/globaloliveoilstars.com\/liooc2024\/wp-json\/wp\/v2\/product_brand?post=8858"},{"taxonomy":"product_cat","embeddable":true,"href":"https:\/\/globaloliveoilstars.com\/liooc2024\/wp-json\/wp\/v2\/product_cat?post=8858"},{"taxonomy":"product_tag","embeddable":true,"href":"https:\/\/globaloliveoilstars.com\/liooc2024\/wp-json\/wp\/v2\/product_tag?post=8858"}],"curies":[{"name":"wp","href":"https:\/\/api.w.org\/{rel}","templated":true}]}}