{"id":8860,"date":"2024-06-10T06:45:21","date_gmt":"2024-06-10T06:45:21","guid":{"rendered":"http:\/\/globaloliveoilstars.com\/liooc2024\/?post_type=product&#038;p=8860"},"modified":"2024-06-10T06:46:44","modified_gmt":"2024-06-10T06:46:44","slug":"kh-evoo","status":"publish","type":"product","link":"https:\/\/globaloliveoilstars.com\/liooc2024\/product\/kh-evoo\/","title":{"rendered":"Kh Evoo"},"content":{"rendered":"<p>Company: All Hair Wal Baraka<\/p>\n<p>Since the first day we set out under the name Bella Mordane, we have appreciated the value of the soil, trees and olive fruit and have strived to do justice to these gifts of nature. We started gardening in the garden we established in Manisa, K\u00f6pr\u00fcba\u015f\u0131, on the precious lands of Anatolia. We established our organization with the aim of producing olive oil with low acidity, intense flavor and always at a high standard<\/p>\n","protected":false},"excerpt":{"rendered":"<p>Sincerely caring for our land, passing on a traditional savoir-faire, focusing on hard work, sharing. All these values, passed down by my father, have naturally inspired us to carry on with what he had undertaken, carefully extracting this precious nectar from our artisanal olive tree plantation.<\/p>\n","protected":false},"featured_media":8857,"template":"","meta":{"_acf_changed":false,"_seopress_robots_primary_cat":"none","_seopress_titles_title":"","_seopress_titles_desc":"","_seopress_robots_index":""},"product_brand":[],"product_cat":[437],"product_tag":[743],"class_list":{"0":"post-8860","1":"product","2":"type-product","3":"status-publish","4":"has-post-thumbnail","6":"product_cat-quality","7":"product_tag-jordan","8":"pa_award-silver","9":"pa_competitioncategory-quality","10":"pa_country-jordan","11":"pa_monovarietalorblend-monovarietal","12":"pa_variety-nabali-monovarietal","14":"first","15":"instock","16":"product-type-simple"},"acf":[],"_links":{"self":[{"href":"https:\/\/globaloliveoilstars.com\/liooc2024\/wp-json\/wp\/v2\/product\/8860","targetHints":{"allow":["GET"]}}],"collection":[{"href":"https:\/\/globaloliveoilstars.com\/liooc2024\/wp-json\/wp\/v2\/product"}],"about":[{"href":"https:\/\/globaloliveoilstars.com\/liooc2024\/wp-json\/wp\/v2\/types\/product"}],"version-history":[{"count":0,"href":"https:\/\/globaloliveoilstars.com\/liooc2024\/wp-json\/wp\/v2\/product\/8860\/revisions"}],"wp:featuredmedia":[{"embeddable":true,"href":"https:\/\/globaloliveoilstars.com\/liooc2024\/wp-json\/wp\/v2\/media\/8857"}],"wp:attachment":[{"href":"https:\/\/globaloliveoilstars.com\/liooc2024\/wp-json\/wp\/v2\/media?parent=8860"}],"wp:term":[{"taxonomy":"product_brand","embeddable":true,"href":"https:\/\/globaloliveoilstars.com\/liooc2024\/wp-json\/wp\/v2\/product_brand?post=8860"},{"taxonomy":"product_cat","embeddable":true,"href":"https:\/\/globaloliveoilstars.com\/liooc2024\/wp-json\/wp\/v2\/product_cat?post=8860"},{"taxonomy":"product_tag","embeddable":true,"href":"https:\/\/globaloliveoilstars.com\/liooc2024\/wp-json\/wp\/v2\/product_tag?post=8860"}],"curies":[{"name":"wp","href":"https:\/\/api.w.org\/{rel}","templated":true}]}}